{"id":751,"date":"2022-10-11T17:35:10","date_gmt":"2022-10-11T15:35:10","guid":{"rendered":"https:\/\/toulouseic.fr\/toulouseic.fr\/?page_id=751"},"modified":"2026-01-20T10:27:01","modified_gmt":"2026-01-20T09:27:01","slug":"nos-partenaires","status":"publish","type":"page","link":"https:\/\/toulouseic.fr\/toulouseic.fr\/nos-partenaires\/","title":{"rendered":"Nos partenaires"},"content":{"rendered":"\t\t<div data-elementor-type=\"wp-page\" data-elementor-id=\"751\" class=\"elementor elementor-751\">\n\t\t\t\t\t\t<section class=\"elementor-section elementor-top-section elementor-element elementor-element-zgn1qu0 elementor-section-boxed elementor-section-height-default elementor-section-height-default\" data-id=\"zgn1qu0\" data-element_type=\"section\" data-e-type=\"section\" data-settings=\"{&quot;background_background&quot;:&quot;classic&quot;}\">\n\t\t\t\t\t\t\t<div class=\"elementor-background-overlay\"><\/div>\n\t\t\t\t\t\t\t<div class=\"elementor-container elementor-column-gap-default\">\n\t\t\t\t\t<div class=\"elementor-column elementor-col-100 elementor-top-column elementor-element elementor-element-fd69444\" data-id=\"fd69444\" data-element_type=\"column\" data-e-type=\"column\">\n\t\t\t<div class=\"elementor-widget-wrap elementor-element-populated\">\n\t\t\t\t\t\t<div class=\"elementor-element elementor-element-abcc2f2 elementor-widget elementor-widget-heading\" data-id=\"abcc2f2\" data-element_type=\"widget\" data-e-type=\"widget\" data-widget_type=\"heading.default\">\n\t\t\t\t<div class=\"elementor-widget-container\">\n\t\t\t\t\t<h1 class=\"elementor-heading-title elementor-size-default\">Nos partenaires<\/h1>\t\t\t\t<\/div>\n\t\t\t\t<\/div>\n\t\t\t\t\t<\/div>\n\t\t<\/div>\n\t\t\t\t\t<\/div>\n\t\t<\/section>\n\t\t\t\t<section class=\"elementor-section elementor-top-section elementor-element elementor-element-3e8001a elementor-section-boxed elementor-section-height-default elementor-section-height-default\" data-id=\"3e8001a\" data-element_type=\"section\" data-e-type=\"section\">\n\t\t\t\t\t\t<div class=\"elementor-container elementor-column-gap-default\">\n\t\t\t\t\t<div class=\"elementor-column elementor-col-100 elementor-top-column elementor-element elementor-element-c091fd5\" data-id=\"c091fd5\" data-element_type=\"column\" data-e-type=\"column\">\n\t\t\t<div class=\"elementor-widget-wrap elementor-element-populated\">\n\t\t\t\t\t\t<div class=\"elementor-element elementor-element-bcb52d7 elementor-widget elementor-widget-text-editor\" data-id=\"bcb52d7\" data-element_type=\"widget\" data-e-type=\"widget\" data-widget_type=\"text-editor.default\">\n\t\t\t\t<div class=\"elementor-widget-container\">\n\t\t\t\t\t\t\t\t\t<p data-start=\"320\" data-end=\"708\">\u00a0<\/p><p data-start=\"320\" data-end=\"708\">Le\u00a0<strong data-start=\"323\" data-end=\"345\">Toulouse Iron Club<\/strong>\u00a0ne serait pas ce qu\u2019il est aujourd\u2019hui sans l\u2019appui de ses partenaires priv\u00e9s et institutionnels.<br data-start=\"443\" data-end=\"446\" \/>Gr\u00e2ce \u00e0 leur confiance et leur engagement, nous pouvons faire vivre notre projet sportif et associatif autour du\u00a0<strong data-start=\"559\" data-end=\"578\">basket-fauteuil<\/strong>\u00a0: promouvoir l\u2019inclusion, faire rayonner notre discipline et accompagner nos \u00e9quipes dans leurs comp\u00e9titions partout en France.<\/p><p data-start=\"710\" data-end=\"820\">\u00c0 nos partenaires :\u00a0<strong data-start=\"730\" data-end=\"739\">merci<\/strong>\u00a0de partager cette aventure et de contribuer chaque jour \u00e0 la r\u00e9ussite du club.<\/p>\t\t\t\t\t\t\t\t<\/div>\n\t\t\t\t<\/div>\n\t\t\t\t\t<\/div>\n\t\t<\/div>\n\t\t\t\t\t<\/div>\n\t\t<\/section>\n\t\t\t\t<section class=\"elementor-section elementor-top-section elementor-element elementor-element-4kqvf75 elementor-section-boxed elementor-section-height-default elementor-section-height-default\" data-id=\"4kqvf75\" data-element_type=\"section\" data-e-type=\"section\">\n\t\t\t\t\t\t<div class=\"elementor-container elementor-column-gap-default\">\n\t\t\t\t\t<div class=\"elementor-column elementor-col-100 elementor-top-column elementor-element elementor-element-cf8f984\" data-id=\"cf8f984\" data-element_type=\"column\" data-e-type=\"column\">\n\t\t\t<div class=\"elementor-widget-wrap elementor-element-populated\">\n\t\t\t\t\t\t<div class=\"elementor-element elementor-element-3177d01 elementor-widget elementor-widget-image\" data-id=\"3177d01\" data-element_type=\"widget\" data-e-type=\"widget\" data-widget_type=\"image.default\">\n\t\t\t\t<div class=\"elementor-widget-container\">\n\t\t\t\t\t\t\t\t\t\t\t\t\t\t\t<img fetchpriority=\"high\" decoding=\"async\" width=\"1024\" height=\"556\" src=\"https:\/\/toulouseic.fr\/toulouseic.fr\/wp-content\/uploads\/2026\/01\/2026-1.png\" class=\"attachment-large size-large wp-image-3754\" alt=\"logos des partenaires du TIC\" srcset=\"https:\/\/toulouseic.fr\/toulouseic.fr\/wp-content\/uploads\/2026\/01\/2026-1.png 1024w, https:\/\/toulouseic.fr\/toulouseic.fr\/wp-content\/uploads\/2026\/01\/2026-1-300x163.png 300w, https:\/\/toulouseic.fr\/toulouseic.fr\/wp-content\/uploads\/2026\/01\/2026-1-768x417.png 768w\" sizes=\"(max-width: 1024px) 100vw, 1024px\" \/>\t\t\t\t\t\t\t\t\t\t\t\t\t\t\t<\/div>\n\t\t\t\t<\/div>\n\t\t\t\t<div class=\"elementor-element elementor-element-07013a4 elementor-widget elementor-widget-spacer\" data-id=\"07013a4\" data-element_type=\"widget\" data-e-type=\"widget\" data-widget_type=\"spacer.default\">\n\t\t\t\t<div class=\"elementor-widget-container\">\n\t\t\t\t\t\t\t<div class=\"elementor-spacer\">\n\t\t\t<div class=\"elementor-spacer-inner\"><\/div>\n\t\t<\/div>\n\t\t\t\t\t\t<\/div>\n\t\t\t\t<\/div>\n\t\t\t\t\t<\/div>\n\t\t<\/div>\n\t\t\t\t\t<\/div>\n\t\t<\/section>\n\t\t\t\t<section class=\"elementor-section elementor-top-section elementor-element elementor-element-d375ec9 elementor-section-boxed elementor-section-height-default elementor-section-height-default\" data-id=\"d375ec9\" data-element_type=\"section\" data-e-type=\"section\">\n\t\t\t\t\t\t<div class=\"elementor-container elementor-column-gap-default\">\n\t\t\t\t\t<div class=\"elementor-column elementor-col-100 elementor-top-column elementor-element elementor-element-59ed9c2\" data-id=\"59ed9c2\" data-element_type=\"column\" data-e-type=\"column\">\n\t\t\t<div class=\"elementor-widget-wrap elementor-element-populated\">\n\t\t\t\t\t\t<div class=\"elementor-element elementor-element-6a26f3c elementor-widget elementor-widget-text-editor\" data-id=\"6a26f3c\" data-element_type=\"widget\" data-e-type=\"widget\" data-widget_type=\"text-editor.default\">\n\t\t\t\t<div class=\"elementor-widget-container\">\n\t\t\t\t\t\t\t\t\t<h2 data-start=\"827\" data-end=\"868\">Pourquoi devenir partenaire du TIC ?<\/h2><p data-start=\"869\" data-end=\"915\">Rejoindre le\u00a0<strong data-start=\"882\" data-end=\"904\">Toulouse Iron Club<\/strong>, c\u2019est :<\/p><ul data-start=\"916\" data-end=\"1307\"><li data-start=\"916\" data-end=\"991\"><p data-start=\"918\" data-end=\"991\">Associer votre image \u00e0 un club reconnu et engag\u00e9 depuis plus de 40 ans.<\/p><\/li><li data-start=\"992\" data-end=\"1093\"><p data-start=\"994\" data-end=\"1093\">Soutenir une discipline inclusive qui valorise l\u2019esprit d\u2019\u00e9quipe, la diversit\u00e9 et la performance.<\/p><\/li><li data-start=\"1094\" data-end=\"1191\"><p data-start=\"1096\" data-end=\"1191\">Participer \u00e0 la vie d\u2019un club familial et ambitieux, pr\u00e9sent dans les championnats nationaux.<\/p><\/li><li data-start=\"1192\" data-end=\"1307\"><p data-start=\"1194\" data-end=\"1307\">B\u00e9n\u00e9ficier d\u2019une visibilit\u00e9 locale et nationale \u00e0 travers nos matchs, \u00e9v\u00e9nements et actions de sensibilisation.<\/p><\/li><\/ul><p data-start=\"1309\" data-end=\"1483\">Que vous soyez une entreprise, une institution ou un m\u00e9c\u00e8ne individuel, votre soutien est une force pour le club et pour le d\u00e9veloppement du\u00a0<strong data-start=\"1450\" data-end=\"1480\">basket-fauteuil \u00e0 Toulouse<\/strong>.<\/p><p data-start=\"1309\" data-end=\"1483\">\u00a0<\/p><h2 data-start=\"1490\" data-end=\"1513\">Devenez partenaire<\/h2><p data-start=\"1514\" data-end=\"1643\">Le\u00a0<strong data-start=\"1517\" data-end=\"1539\">Toulouse Iron Club<\/strong>\u00a0est toujours \u00e0 la recherche de nouveaux soutiens pour continuer \u00e0 grandir et porter haut ses valeurs.<\/p><p data-start=\"1645\" data-end=\"1814\"><a class=\"decorated-link\" href=\"https:\/\/toulouseic.fr\/toulouseic.fr\/nos-partenaires-2\/#contact\" rel=\"noopener\" data-start=\"1648\" data-end=\"1687\"><strong data-start=\"1649\" data-end=\"1683\">Contactez-nous\u00a0<\/strong><\/a>pour \u00e9changer sur les diff\u00e9rentes formes de partenariat ou de m\u00e9c\u00e9nat, et rejoignez une aventure humaine et sportive unique.<\/p>\t\t\t\t\t\t\t\t<\/div>\n\t\t\t\t<\/div>\n\t\t\t\t<div class=\"elementor-element elementor-element-034eb3d elementor-widget elementor-widget-spacer\" data-id=\"034eb3d\" data-element_type=\"widget\" data-e-type=\"widget\" data-widget_type=\"spacer.default\">\n\t\t\t\t<div class=\"elementor-widget-container\">\n\t\t\t\t\t\t\t<div class=\"elementor-spacer\">\n\t\t\t<div class=\"elementor-spacer-inner\"><\/div>\n\t\t<\/div>\n\t\t\t\t\t\t<\/div>\n\t\t\t\t<\/div>\n\t\t\t\t\t<\/div>\n\t\t<\/div>\n\t\t\t\t\t<\/div>\n\t\t<\/section>\n\t\t\t\t<\/div>\n\t\t","protected":false},"excerpt":{"rendered":"<p>Nos partenaires \u00a0 Le\u00a0Toulouse Iron Club\u00a0ne serait pas ce qu\u2019il est aujourd\u2019hui sans l\u2019appui de ses partenaires priv\u00e9s et institutionnels.Gr\u00e2ce \u00e0 leur confiance et leur engagement, nous pouvons faire vivre notre projet sportif et associatif autour du\u00a0basket-fauteuil\u00a0: promouvoir l\u2019inclusion, faire rayonner notre discipline et accompagner nos \u00e9quipes dans leurs comp\u00e9titions partout en France. \u00c0 nos [&hellip;]<\/p>\n","protected":false},"author":1,"featured_media":0,"parent":0,"menu_order":0,"comment_status":"closed","ping_status":"closed","template":"","meta":{"site-sidebar-layout":"no-sidebar","site-content-layout":"page-builder","ast-site-content-layout":"full-width-container","site-content-style":"unboxed","site-sidebar-style":"unboxed","ast-global-header-display":"","ast-banner-title-visibility":"","ast-main-header-display":"","ast-hfb-above-header-display":"","ast-hfb-below-header-display":"","ast-hfb-mobile-header-display":"","site-post-title":"disabled","ast-breadcrumbs-content":"","ast-featured-img":"disabled","footer-sml-layout":"","theme-transparent-header-meta":"","adv-header-id-meta":"","stick-header-meta":"","header-above-stick-meta":"","header-main-stick-meta":"","header-below-stick-meta":"","astra-migrate-meta-layouts":"set","ast-page-background-enabled":"default","ast-page-background-meta":{"desktop":{"background-color":"","background-image":"","background-repeat":"repeat","background-position":"center center","background-size":"auto","background-attachment":"scroll","background-type":"","background-media":"","overlay-type":"","overlay-color":"","overlay-opacity":"","overlay-gradient":""},"tablet":{"background-color":"","background-image":"","background-repeat":"repeat","background-position":"center center","background-size":"auto","background-attachment":"scroll","background-type":"","background-media":"","overlay-type":"","overlay-color":"","overlay-opacity":"","overlay-gradient":""},"mobile":{"background-color":"","background-image":"","background-repeat":"repeat","background-position":"center center","background-size":"auto","background-attachment":"scroll","background-type":"","background-media":"","overlay-type":"","overlay-color":"","overlay-opacity":"","overlay-gradient":""}},"ast-content-background-meta":{"desktop":{"background-color":"var(--ast-global-color-5)","background-image":"","background-repeat":"repeat","background-position":"center center","background-size":"auto","background-attachment":"scroll","background-type":"","background-media":"","overlay-type":"","overlay-color":"","overlay-opacity":"","overlay-gradient":""},"tablet":{"background-color":"var(--ast-global-color-5)","background-image":"","background-repeat":"repeat","background-position":"center center","background-size":"auto","background-attachment":"scroll","background-type":"","background-media":"","overlay-type":"","overlay-color":"","overlay-opacity":"","overlay-gradient":""},"mobile":{"background-color":"var(--ast-global-color-5)","background-image":"","background-repeat":"repeat","background-position":"center center","background-size":"auto","background-attachment":"scroll","background-type":"","background-media":"","overlay-type":"","overlay-color":"","overlay-opacity":"","overlay-gradient":""}},"footnotes":""},"class_list":["post-751","page","type-page","status-publish","hentry"],"yoast_head":"<!-- This site is optimized with the Yoast SEO plugin v27.4 - https:\/\/yoast.com\/product\/yoast-seo-wordpress\/ -->\n<title>Nos partenaires - Toulouse Iron Club<\/title>\n<meta name=\"description\" content=\"Rejoignez les partenaires du Toulouse Iron Club et soutenez le basket-fauteuil. Ensemble, faisons vivre l\u2019inclusion et le sport \u00e0 Toulouse !\" \/>\n<meta name=\"robots\" content=\"index, follow, max-snippet:-1, max-image-preview:large, max-video-preview:-1\" \/>\n<link rel=\"canonical\" href=\"https:\/\/toulouseic.fr\/toulouseic.fr\/nos-partenaires\/\" \/>\n<meta property=\"og:locale\" content=\"fr_FR\" \/>\n<meta property=\"og:type\" content=\"article\" \/>\n<meta property=\"og:title\" content=\"Nos partenaires - Toulouse Iron Club\" \/>\n<meta property=\"og:description\" content=\"Rejoignez les partenaires du Toulouse Iron Club et soutenez le basket-fauteuil. Ensemble, faisons vivre l\u2019inclusion et le sport \u00e0 Toulouse !\" \/>\n<meta property=\"og:url\" content=\"https:\/\/toulouseic.fr\/toulouseic.fr\/nos-partenaires\/\" \/>\n<meta property=\"og:site_name\" content=\"Toulouse Iron Club\" \/>\n<meta property=\"article:modified_time\" content=\"2026-01-20T09:27:01+00:00\" \/>\n<meta property=\"og:image\" content=\"https:\/\/toulouseic.fr\/toulouseic.fr\/wp-content\/uploads\/2026\/01\/2026-1.png\" \/>\n\t<meta property=\"og:image:width\" content=\"1024\" \/>\n\t<meta property=\"og:image:height\" content=\"556\" \/>\n\t<meta property=\"og:image:type\" content=\"image\/png\" \/>\n<meta name=\"twitter:card\" content=\"summary_large_image\" \/>\n<meta name=\"twitter:label1\" content=\"Dur\u00e9e de lecture estim\u00e9e\" \/>\n\t<meta name=\"twitter:data1\" content=\"2 minutes\" \/>\n<script type=\"application\/ld+json\" class=\"yoast-schema-graph\">{\"@context\":\"https:\\\/\\\/schema.org\",\"@graph\":[{\"@type\":\"WebPage\",\"@id\":\"https:\\\/\\\/toulouseic.fr\\\/toulouseic.fr\\\/nos-partenaires\\\/\",\"url\":\"https:\\\/\\\/toulouseic.fr\\\/toulouseic.fr\\\/nos-partenaires\\\/\",\"name\":\"Nos partenaires - Toulouse Iron Club\",\"isPartOf\":{\"@id\":\"https:\\\/\\\/toulouseic.fr\\\/toulouseic.fr\\\/#website\"},\"primaryImageOfPage\":{\"@id\":\"https:\\\/\\\/toulouseic.fr\\\/toulouseic.fr\\\/nos-partenaires\\\/#primaryimage\"},\"image\":{\"@id\":\"https:\\\/\\\/toulouseic.fr\\\/toulouseic.fr\\\/nos-partenaires\\\/#primaryimage\"},\"thumbnailUrl\":\"https:\\\/\\\/toulouseic.fr\\\/toulouseic.fr\\\/wp-content\\\/uploads\\\/2026\\\/01\\\/2026-1.png\",\"datePublished\":\"2022-10-11T15:35:10+00:00\",\"dateModified\":\"2026-01-20T09:27:01+00:00\",\"description\":\"Rejoignez les partenaires du Toulouse Iron Club et soutenez le basket-fauteuil. Ensemble, faisons vivre l\u2019inclusion et le sport \u00e0 Toulouse !\",\"breadcrumb\":{\"@id\":\"https:\\\/\\\/toulouseic.fr\\\/toulouseic.fr\\\/nos-partenaires\\\/#breadcrumb\"},\"inLanguage\":\"fr-FR\",\"potentialAction\":[{\"@type\":\"ReadAction\",\"target\":[\"https:\\\/\\\/toulouseic.fr\\\/toulouseic.fr\\\/nos-partenaires\\\/\"]}]},{\"@type\":\"ImageObject\",\"inLanguage\":\"fr-FR\",\"@id\":\"https:\\\/\\\/toulouseic.fr\\\/toulouseic.fr\\\/nos-partenaires\\\/#primaryimage\",\"url\":\"https:\\\/\\\/toulouseic.fr\\\/toulouseic.fr\\\/wp-content\\\/uploads\\\/2026\\\/01\\\/2026-1.png\",\"contentUrl\":\"https:\\\/\\\/toulouseic.fr\\\/toulouseic.fr\\\/wp-content\\\/uploads\\\/2026\\\/01\\\/2026-1.png\",\"width\":1024,\"height\":556,\"caption\":\"logos des partenaires du TIC\"},{\"@type\":\"BreadcrumbList\",\"@id\":\"https:\\\/\\\/toulouseic.fr\\\/toulouseic.fr\\\/nos-partenaires\\\/#breadcrumb\",\"itemListElement\":[{\"@type\":\"ListItem\",\"position\":1,\"name\":\"Accueil\",\"item\":\"https:\\\/\\\/toulouseic.fr\\\/toulouseic.fr\\\/\"},{\"@type\":\"ListItem\",\"position\":2,\"name\":\"Nos partenaires\"}]},{\"@type\":\"WebSite\",\"@id\":\"https:\\\/\\\/toulouseic.fr\\\/toulouseic.fr\\\/#website\",\"url\":\"https:\\\/\\\/toulouseic.fr\\\/toulouseic.fr\\\/\",\"name\":\"Toulouse Iron Club\",\"description\":\"Un esprit, une \u00e9quipe, un vainqueur ... Le sport\",\"publisher\":{\"@id\":\"https:\\\/\\\/toulouseic.fr\\\/toulouseic.fr\\\/#organization\"},\"potentialAction\":[{\"@type\":\"SearchAction\",\"target\":{\"@type\":\"EntryPoint\",\"urlTemplate\":\"https:\\\/\\\/toulouseic.fr\\\/toulouseic.fr\\\/?s={search_term_string}\"},\"query-input\":{\"@type\":\"PropertyValueSpecification\",\"valueRequired\":true,\"valueName\":\"search_term_string\"}}],\"inLanguage\":\"fr-FR\"},{\"@type\":\"Organization\",\"@id\":\"https:\\\/\\\/toulouseic.fr\\\/toulouseic.fr\\\/#organization\",\"name\":\"Toulouse Iron Club\",\"url\":\"https:\\\/\\\/toulouseic.fr\\\/toulouseic.fr\\\/\",\"logo\":{\"@type\":\"ImageObject\",\"inLanguage\":\"fr-FR\",\"@id\":\"https:\\\/\\\/toulouseic.fr\\\/toulouseic.fr\\\/#\\\/schema\\\/logo\\\/image\\\/\",\"url\":\"https:\\\/\\\/toulouseic.fr\\\/toulouseic.fr\\\/wp-content\\\/uploads\\\/2022\\\/10\\\/Logo-officiel-decoupe.png\",\"contentUrl\":\"https:\\\/\\\/toulouseic.fr\\\/toulouseic.fr\\\/wp-content\\\/uploads\\\/2022\\\/10\\\/Logo-officiel-decoupe.png\",\"width\":500,\"height\":461,\"caption\":\"Toulouse Iron Club\"},\"image\":{\"@id\":\"https:\\\/\\\/toulouseic.fr\\\/toulouseic.fr\\\/#\\\/schema\\\/logo\\\/image\\\/\"}}]}<\/script>\n<!-- \/ Yoast SEO plugin. -->","yoast_head_json":{"title":"Nos partenaires - Toulouse Iron Club","description":"Rejoignez les partenaires du Toulouse Iron Club et soutenez le basket-fauteuil. Ensemble, faisons vivre l\u2019inclusion et le sport \u00e0 Toulouse !","robots":{"index":"index","follow":"follow","max-snippet":"max-snippet:-1","max-image-preview":"max-image-preview:large","max-video-preview":"max-video-preview:-1"},"canonical":"https:\/\/toulouseic.fr\/toulouseic.fr\/nos-partenaires\/","og_locale":"fr_FR","og_type":"article","og_title":"Nos partenaires - Toulouse Iron Club","og_description":"Rejoignez les partenaires du Toulouse Iron Club et soutenez le basket-fauteuil. Ensemble, faisons vivre l\u2019inclusion et le sport \u00e0 Toulouse !","og_url":"https:\/\/toulouseic.fr\/toulouseic.fr\/nos-partenaires\/","og_site_name":"Toulouse Iron Club","article_modified_time":"2026-01-20T09:27:01+00:00","og_image":[{"width":1024,"height":556,"url":"https:\/\/toulouseic.fr\/toulouseic.fr\/wp-content\/uploads\/2026\/01\/2026-1.png","type":"image\/png"}],"twitter_card":"summary_large_image","twitter_misc":{"Dur\u00e9e de lecture estim\u00e9e":"2 minutes"},"schema":{"@context":"https:\/\/schema.org","@graph":[{"@type":"WebPage","@id":"https:\/\/toulouseic.fr\/toulouseic.fr\/nos-partenaires\/","url":"https:\/\/toulouseic.fr\/toulouseic.fr\/nos-partenaires\/","name":"Nos partenaires - Toulouse Iron Club","isPartOf":{"@id":"https:\/\/toulouseic.fr\/toulouseic.fr\/#website"},"primaryImageOfPage":{"@id":"https:\/\/toulouseic.fr\/toulouseic.fr\/nos-partenaires\/#primaryimage"},"image":{"@id":"https:\/\/toulouseic.fr\/toulouseic.fr\/nos-partenaires\/#primaryimage"},"thumbnailUrl":"https:\/\/toulouseic.fr\/toulouseic.fr\/wp-content\/uploads\/2026\/01\/2026-1.png","datePublished":"2022-10-11T15:35:10+00:00","dateModified":"2026-01-20T09:27:01+00:00","description":"Rejoignez les partenaires du Toulouse Iron Club et soutenez le basket-fauteuil. Ensemble, faisons vivre l\u2019inclusion et le sport \u00e0 Toulouse !","breadcrumb":{"@id":"https:\/\/toulouseic.fr\/toulouseic.fr\/nos-partenaires\/#breadcrumb"},"inLanguage":"fr-FR","potentialAction":[{"@type":"ReadAction","target":["https:\/\/toulouseic.fr\/toulouseic.fr\/nos-partenaires\/"]}]},{"@type":"ImageObject","inLanguage":"fr-FR","@id":"https:\/\/toulouseic.fr\/toulouseic.fr\/nos-partenaires\/#primaryimage","url":"https:\/\/toulouseic.fr\/toulouseic.fr\/wp-content\/uploads\/2026\/01\/2026-1.png","contentUrl":"https:\/\/toulouseic.fr\/toulouseic.fr\/wp-content\/uploads\/2026\/01\/2026-1.png","width":1024,"height":556,"caption":"logos des partenaires du TIC"},{"@type":"BreadcrumbList","@id":"https:\/\/toulouseic.fr\/toulouseic.fr\/nos-partenaires\/#breadcrumb","itemListElement":[{"@type":"ListItem","position":1,"name":"Accueil","item":"https:\/\/toulouseic.fr\/toulouseic.fr\/"},{"@type":"ListItem","position":2,"name":"Nos partenaires"}]},{"@type":"WebSite","@id":"https:\/\/toulouseic.fr\/toulouseic.fr\/#website","url":"https:\/\/toulouseic.fr\/toulouseic.fr\/","name":"Toulouse Iron Club","description":"Un esprit, une \u00e9quipe, un vainqueur ... Le sport","publisher":{"@id":"https:\/\/toulouseic.fr\/toulouseic.fr\/#organization"},"potentialAction":[{"@type":"SearchAction","target":{"@type":"EntryPoint","urlTemplate":"https:\/\/toulouseic.fr\/toulouseic.fr\/?s={search_term_string}"},"query-input":{"@type":"PropertyValueSpecification","valueRequired":true,"valueName":"search_term_string"}}],"inLanguage":"fr-FR"},{"@type":"Organization","@id":"https:\/\/toulouseic.fr\/toulouseic.fr\/#organization","name":"Toulouse Iron Club","url":"https:\/\/toulouseic.fr\/toulouseic.fr\/","logo":{"@type":"ImageObject","inLanguage":"fr-FR","@id":"https:\/\/toulouseic.fr\/toulouseic.fr\/#\/schema\/logo\/image\/","url":"https:\/\/toulouseic.fr\/toulouseic.fr\/wp-content\/uploads\/2022\/10\/Logo-officiel-decoupe.png","contentUrl":"https:\/\/toulouseic.fr\/toulouseic.fr\/wp-content\/uploads\/2022\/10\/Logo-officiel-decoupe.png","width":500,"height":461,"caption":"Toulouse Iron Club"},"image":{"@id":"https:\/\/toulouseic.fr\/toulouseic.fr\/#\/schema\/logo\/image\/"}}]}},"_links":{"self":[{"href":"https:\/\/toulouseic.fr\/toulouseic.fr\/wp-json\/wp\/v2\/pages\/751","targetHints":{"allow":["GET"]}}],"collection":[{"href":"https:\/\/toulouseic.fr\/toulouseic.fr\/wp-json\/wp\/v2\/pages"}],"about":[{"href":"https:\/\/toulouseic.fr\/toulouseic.fr\/wp-json\/wp\/v2\/types\/page"}],"author":[{"embeddable":true,"href":"https:\/\/toulouseic.fr\/toulouseic.fr\/wp-json\/wp\/v2\/users\/1"}],"replies":[{"embeddable":true,"href":"https:\/\/toulouseic.fr\/toulouseic.fr\/wp-json\/wp\/v2\/comments?post=751"}],"version-history":[{"count":17,"href":"https:\/\/toulouseic.fr\/toulouseic.fr\/wp-json\/wp\/v2\/pages\/751\/revisions"}],"predecessor-version":[{"id":3757,"href":"https:\/\/toulouseic.fr\/toulouseic.fr\/wp-json\/wp\/v2\/pages\/751\/revisions\/3757"}],"wp:attachment":[{"href":"https:\/\/toulouseic.fr\/toulouseic.fr\/wp-json\/wp\/v2\/media?parent=751"}],"curies":[{"name":"wp","href":"https:\/\/api.w.org\/{rel}","templated":true}]}}